{"id":2023,"date":"2019-09-05T15:33:20","date_gmt":"2019-09-05T13:33:20","guid":{"rendered":"http:\/\/people.ccaba.upc.edu\/careglio\/?page_id=2023"},"modified":"2021-09-29T13:46:07","modified_gmt":"2021-09-29T11:46:07","slug":"arquitectura-i-configuracions-informatiques","status":"publish","type":"page","link":"https:\/\/people.ccaba.upc.edu\/careglio\/index.php\/teaching\/arquitectura-i-configuracions-informatiques\/","title":{"rendered":"Arquitectura i Configuracions Inform\u00e0tiques"},"content":{"rendered":"<h5>\n<p align=\"justify\">Arquitectura i Configuracions Inform\u00e0tiques (ACI) es una asignatura obligatoria del Grado en Multimedia de 6 ETCS. ACI es una asignatura de 4 horas semanales de teor\u00eda, ejercicios y practicas con sistemas operativos.<\/p>\n<p>El objetivo general de esta asignatura es proporcionar a los alumnos conocimientos b\u00e1sicos de arquitectura de computadores y sistema operativo.<\/p>\n<p>Web de la asignatura: <a href=\"https:\/\/www.upc.edu\/estudispdf\/guia_docent.php?codi=804039&amp;lang=cat\" title=\"Arquitectura i Configuracions Inform\u00e0tiques\" target=\"_blank\" rel=\"noopener noreferrer\">Arquitectura i Configuracions Inform\u00e0tiques<\/a><\/h5>\n<hr>\n<h3>Temario<\/h3>\n<h5>\n<b><a href=\"http:\/\/people.ccaba.upc.edu\/careglio\/wp-content\/uploads\/2021\/09\/ACI-Intro.pdf\" class=\"mtli_attachment mtli_pdf\">Presentacion<\/a><\/b> (02\/2021)<span style=\"float: right;\">(1 hora)<\/span><br \/>\nPresentaci\u00f3n de la asignatura, profesorado, estructura, metodolog\u00eda, evaluaci\u00f3n y bibliograf\u00eda.<\/p>\n<ol start=\"1\">\n<li><b>Introducci\u00f3n<\/b>  (02\/2021)<span style=\"float: right;\">(8 horas)<\/span><\/li>\n<ul>\n<li><a href=\"http:\/\/people.ccaba.upc.edu\/careglio\/wp-content\/uploads\/2021\/09\/ACI-Tema1a.pdf\" class=\"mtli_attachment mtli_pdf\">Un poco de historia y evoluci\u00f3n de las generaciones<\/a><\/li>\n<li><a href=\"http:\/\/people.ccaba.upc.edu\/careglio\/wp-content\/uploads\/2021\/09\/ACI-Tema1b.pdf\" class=\"mtli_attachment mtli_pdf\">Arquitectura de los ordenadores<\/a><\/li>\n<li><a href=\"http:\/\/people.ccaba.upc.edu\/careglio\/wp-content\/uploads\/2021\/09\/ACI-Tema1c.pdf\" class=\"mtli_attachment mtli_pdf\">Identificaci\u00f3n de los componentes<\/a><\/li>\n<\/ul>\n<p align=\"justify\">\n<li><b><a href=\"http:\/\/people.ccaba.upc.edu\/careglio\/wp-content\/uploads\/2021\/09\/ACI-Tema2.pdf\" class=\"mtli_attachment mtli_pdf\">El microprocesador<\/a><\/b>  (03\/2021)<span style=\"float: right;\">(10 horas)<\/span><\/li>\n<ul>\n<li>Introducci\u00f3n<\/li>\n<li>Instruction Set Architecture<\/li>\n<li>Arquitectura interna<\/li>\n<li>Paralelismo<\/li>\n<li>Rendimiento<\/li>\n<\/ul>\n<p align=\"justify\">\n<p>\t<b>Primer control: test y problema<\/b><span style=\"float: right;\">(2 horas)<\/span><\/p>\n<p align=\"justify\">\n<li><b><a href=\"http:\/\/people.ccaba.upc.edu\/careglio\/wp-content\/uploads\/2021\/09\/ACI-Tema3.pdf\" class=\"mtli_attachment mtli_pdf\">La memoria<\/a><\/b>  (04\/2021)<span style=\"float: right;\">(8 horas)<\/span><\/li>\n<ul>\n<li>Tipos de memoria<\/li>\n<li>M\u00e9tricas<\/li>\n<li>Breve historia y evoluci\u00f3n<\/li>\n<li>DRAM y SDRAM<\/li>\n<li>SRAM<\/li>\n<li>Jerarqu\u00eda de memorias<\/li>\n<li>Memoria virtual<\/li>\n<li>Rendimiento<\/li>\n<\/ul>\n<p align=\"justify\">\n<li><b><a href=\"http:\/\/people.ccaba.upc.edu\/careglio\/wp-content\/uploads\/2021\/09\/ACI-Tema4.pdf\" class=\"mtli_attachment mtli_pdf\">Dispositivos de E\/S y buses<\/a><\/b>  (04\/2021)<span style=\"float: right;\">(6 horas)<\/span><\/li>\n<ul>\n<li>Los discos<\/li>\n<li>Arquitectura RAID<\/li>\n<li>Buses<\/li>\n<li>Perif\u00e9ricos externos<\/li>\n<\/ul>\n<p align=\"justify\">\n<li><b><a href=\"http:\/\/people.ccaba.upc.edu\/careglio\/wp-content\/uploads\/2021\/09\/ACI-Tema5.pdf\" class=\"mtli_attachment mtli_pdf\">Datacentres y modelos de comunicaci\u00f3n<\/a><\/b>  (05\/2021)<span style=\"float: right;\">(4 horas)<\/span><\/li>\n<ul>\n<li>Introducci\u00f3n<\/li>\n<li>Componentes<\/li>\n<li>Topolog\u00eda<\/li>\n<li>Servicios<\/li>\n<li>Comunicaci\u00f3n<\/li>\n<\/ul>\n<p align=\"justify\">\n<p>\t<b>Segundo control: test y problema<\/b><span style=\"float: right;\">(2 hora)<\/span><\/p>\n<p align=\"justify\">\n<\/ol>\n<\/h5>\n<hr>\n<h3>Trabajos pr\u00e1ticos<\/h3>\n<h5>\nConsiste de 4 trabajos en grupo.<\/p>\n<ol start=\"1\">\n<li><b>Arquitectura y componentes b\u00e1sicos<\/b><\/li>\n<ul>\n<li>Analysis de diferentes plataformas<\/li>\n<li>Reconocimiento de los componentes b\u00e1sicos<\/li>\n<\/ul>\n<p align=\"justify\">\n<li><b>Presentaci\u00f3n sobre arquitecturas de computadores<\/b><\/li>\n<ul>\n<li>Lista de arquitecturas, plataformas, componentes actuales<\/li>\n<li>Preparaci\u00f3n de una presentaci\u00f3n<\/li>\n<li>Exposici\u00f3n oral<\/li>\n<\/ul>\n<p align=\"justify\">\n<li><b>Presentaci\u00f3n sobre nuevas arquitecturas<\/b><\/li>\n<ul>\n<li>Pr\u00f3ximas, futuras y muy futuras nuevas arquitecturas, plataformas, componentes<\/li>\n<li>Preparaci\u00f3n de una presentaci\u00f3n<\/li>\n<li>Exposici\u00f3n oral<\/li>\n<\/ul>\n<p align=\"justify\">\n<li><b>Laboratorio pr\u00e1ctico sobre sistemas operativos<\/b><\/li>\n<ul>\n<li>Instalaci\u00f3n de una maquina virtual<\/li>\n<li>Uso y administraci\u00f3n de un sistema operativo<\/li>\n<li>Monitorizaci\u00f3n del sistema<\/li>\n<\/ul>\n<\/ol>\n<\/h5>\n<p align=\"justify\">\n<hr>\n<h3>Evaluaci\u00f3n<\/h3>\n<h5>Nota Final = 0.55 * CF + 0.35 * TP + 0.10 * PA<\/p>\n<ul>\n<li>Evaluaci\u00f3n continuada (CF) = 0.25 * C1 + 0.25 * C2 + 0.5 * EF<\/li>\n<ul>\n<li>C1: Primer control<\/li>\n<li>C2: Segundo control<\/li>\n<li>EF: Examen final<\/li>\n<\/ul>\n<p align=\"justify\">\n<li>Trabajos pr\u00e1cticos (TP) = 0.375 * P1 +  0.375 * P2 + 0.25 * PSO<\/li>\n<ul>\n<li>P1: Primera presentaci\u00f3n<\/li>\n<li>P2: Segunda presentaci\u00f3n<\/li>\n<li>PSO: Practica de Sistema Operativo<\/li>\n<\/ul>\n<p align=\"justify\">\n<li>Participaci\u00f3n y actitud (PA)<\/li>\n<\/ul>\n<p align=\"justify\">\n<\/h5>\n<hr>\n<h3>Bibliograf\u00eda<\/h3>\n<h4>Bibliograf\u00eda b\u00e1sica<\/h4>\n<h5>\n<ul>\n<li>Apuntes de la asignatura disponibles en Atenea<\/li>\n<\/ul>\n<\/h5>\n<h4>Bibliograf\u00eda complementaria<\/h4>\n<h5>\n<ul>\n<li>W. Stallings, <em>Computer organisation and architecture<\/em>, Prentice Hall, 2015<\/li>\n<li>J.L. Hennessy, D. Patterson, <em>Computer architecture: a quantitative approach<\/em>, Morgan Kaufmann, 2012<\/li>\n<li>A. Silberschatz, P.B. Galvin, G. Gagne, <em>Operating system concepts<\/em>, John Wiley &amp; Sons, 2014<\/li>\n<\/ul>\n<\/h5>\n","protected":false},"excerpt":{"rendered":"<p>Arquitectura i Configuracions Inform\u00e0tiques (ACI) es una asignatura obligatoria del Grado en Multimedia de 6 ETCS. ACI es una asignatura de 4 horas semanales de teor\u00eda, ejercicios y practicas con sistemas operativos. El objetivo general de esta asignatura es proporcionar a los alumnos conocimientos b\u00e1sicos de <a class=\"more-link\" href=\"https:\/\/people.ccaba.upc.edu\/careglio\/index.php\/teaching\/arquitectura-i-configuracions-informatiques\/\">Continue reading <span class=\"screen-reader-text\">  Arquitectura i Configuracions Inform\u00e0tiques<\/span><span class=\"meta-nav\">&rarr;<\/span><\/a><\/p>\n","protected":false},"author":2,"featured_media":0,"parent":69,"menu_order":0,"comment_status":"closed","ping_status":"closed","template":"","meta":{"_exactmetrics_skip_tracking":false,"_exactmetrics_sitenote_active":false,"_exactmetrics_sitenote_note":"","_exactmetrics_sitenote_category":0,"footnotes":""},"class_list":["post-2023","page","type-page","status-publish","hentry"],"publishpress_future_workflow_manual_trigger":{"enabledWorkflows":[]},"_links":{"self":[{"href":"https:\/\/people.ccaba.upc.edu\/careglio\/index.php\/wp-json\/wp\/v2\/pages\/2023","targetHints":{"allow":["GET"]}}],"collection":[{"href":"https:\/\/people.ccaba.upc.edu\/careglio\/index.php\/wp-json\/wp\/v2\/pages"}],"about":[{"href":"https:\/\/people.ccaba.upc.edu\/careglio\/index.php\/wp-json\/wp\/v2\/types\/page"}],"author":[{"embeddable":true,"href":"https:\/\/people.ccaba.upc.edu\/careglio\/index.php\/wp-json\/wp\/v2\/users\/2"}],"replies":[{"embeddable":true,"href":"https:\/\/people.ccaba.upc.edu\/careglio\/index.php\/wp-json\/wp\/v2\/comments?post=2023"}],"version-history":[{"count":0,"href":"https:\/\/people.ccaba.upc.edu\/careglio\/index.php\/wp-json\/wp\/v2\/pages\/2023\/revisions"}],"up":[{"embeddable":true,"href":"https:\/\/people.ccaba.upc.edu\/careglio\/index.php\/wp-json\/wp\/v2\/pages\/69"}],"wp:attachment":[{"href":"https:\/\/people.ccaba.upc.edu\/careglio\/index.php\/wp-json\/wp\/v2\/media?parent=2023"}],"curies":[{"name":"wp","href":"https:\/\/api.w.org\/{rel}","templated":true}]}}