{"id":2577,"date":"2025-07-11T17:42:56","date_gmt":"2025-07-11T15:42:56","guid":{"rendered":"https:\/\/people.ccaba.upc.edu\/careglio\/?page_id=2577"},"modified":"2025-07-11T17:42:57","modified_gmt":"2025-07-11T15:42:57","slug":"tecnologies-de-la-informacio-i-la-comunicacio","status":"publish","type":"page","link":"https:\/\/people.ccaba.upc.edu\/careglio\/index.php\/teaching\/tecnologies-de-la-informacio-i-la-comunicacio\/","title":{"rendered":"Tecnologies de la Informaci\u00f3 i la Comunicaci\u00f3"},"content":{"rendered":"<h5>\n<p align=\"justify\">Tecnologies de la Informaci\u00f3 i la Comunicaci\u00f3  (TIC) es una asignatura obligatoria del Grado en Dise\u00f1o Digital y Tecnolog\u00edas Multimedia de 6 ETCS. TIC es una asignatura de 4 horas semanales de teor\u00eda, ejercicios, practicas y proyectos.<\/p>\n<p>El objetivo general de esta asignatura es proporcionar a los alumnos conocimientos b\u00e1sicos de tecnolog\u00edas de la informaci\u00f3n y comunicaci\u00f3n, con particular inter\u00e9s en redes, Internet, seguridad e inteligencia artificial.<\/p>\n<p>Web de la asignatura: <a href=\"https:\/\/www.upc.edu\/content\/grau\/guiadocent\/pdf\/esp\/804466\" title=\"Tecnologies de la Informaci\u00f3 i la Comunicaci\u00f3\" target=\"_blank\" rel=\"noopener noreferrer\">Tecnologies de la Informaci\u00f3 i la Comunicaci\u00f3<\/a><\/h5>\n<hr>\n","protected":false},"excerpt":{"rendered":"<p>Tecnologies de la Informaci\u00f3 i la Comunicaci\u00f3 (TIC) es una asignatura obligatoria del Grado en Dise\u00f1o Digital y Tecnolog\u00edas Multimedia de 6 ETCS. TIC es una asignatura de 4 horas semanales de teor\u00eda, ejercicios, practicas y proyectos. El objetivo general de esta asignatura es proporcionar a <a class=\"more-link\" href=\"https:\/\/people.ccaba.upc.edu\/careglio\/index.php\/teaching\/tecnologies-de-la-informacio-i-la-comunicacio\/\">Continue reading <span class=\"screen-reader-text\">  Tecnologies de la Informaci\u00f3 i la Comunicaci\u00f3<\/span><span class=\"meta-nav\">&rarr;<\/span><\/a><\/p>\n","protected":false},"author":2,"featured_media":0,"parent":69,"menu_order":0,"comment_status":"closed","ping_status":"closed","template":"","meta":{"_exactmetrics_skip_tracking":false,"_exactmetrics_sitenote_active":false,"_exactmetrics_sitenote_note":"","_exactmetrics_sitenote_category":0,"footnotes":""},"class_list":["post-2577","page","type-page","status-publish","hentry"],"publishpress_future_workflow_manual_trigger":{"enabledWorkflows":[]},"_links":{"self":[{"href":"https:\/\/people.ccaba.upc.edu\/careglio\/index.php\/wp-json\/wp\/v2\/pages\/2577","targetHints":{"allow":["GET"]}}],"collection":[{"href":"https:\/\/people.ccaba.upc.edu\/careglio\/index.php\/wp-json\/wp\/v2\/pages"}],"about":[{"href":"https:\/\/people.ccaba.upc.edu\/careglio\/index.php\/wp-json\/wp\/v2\/types\/page"}],"author":[{"embeddable":true,"href":"https:\/\/people.ccaba.upc.edu\/careglio\/index.php\/wp-json\/wp\/v2\/users\/2"}],"replies":[{"embeddable":true,"href":"https:\/\/people.ccaba.upc.edu\/careglio\/index.php\/wp-json\/wp\/v2\/comments?post=2577"}],"version-history":[{"count":1,"href":"https:\/\/people.ccaba.upc.edu\/careglio\/index.php\/wp-json\/wp\/v2\/pages\/2577\/revisions"}],"predecessor-version":[{"id":2578,"href":"https:\/\/people.ccaba.upc.edu\/careglio\/index.php\/wp-json\/wp\/v2\/pages\/2577\/revisions\/2578"}],"up":[{"embeddable":true,"href":"https:\/\/people.ccaba.upc.edu\/careglio\/index.php\/wp-json\/wp\/v2\/pages\/69"}],"wp:attachment":[{"href":"https:\/\/people.ccaba.upc.edu\/careglio\/index.php\/wp-json\/wp\/v2\/media?parent=2577"}],"curies":[{"name":"wp","href":"https:\/\/api.w.org\/{rel}","templated":true}]}}