{"id":1191,"date":"2019-04-11T11:49:07","date_gmt":"2019-04-11T11:49:07","guid":{"rendered":"http:\/\/people.ccaba.upc.edu\/spadaro\/?page_id=1191"},"modified":"2021-11-25T18:50:34","modified_gmt":"2021-11-25T18:50:34","slug":"awards","status":"publish","type":"page","link":"https:\/\/people.ccaba.upc.edu\/spadaro\/?page_id=1191","title":{"rendered":"Awards"},"content":{"rendered":"<ul>\n<li>\n<p align=\"justify\">Co-recipient of the <strong>Optical Switching and Networking 2020 Fabio Neri Best Paper Award Runner ups<\/strong>: &#8220;Applying cognitive dynamic learning strategies for margins reduction in operational optical networks&#8221;, by D. Notivol, S. Spadaro, J. Perell\u00f3, G. Junyent, 2021.<\/p>\n<\/li>\n<li>\n<p align=\"justify\">Co-recipient of the <strong>IEEE ONDM 2021 Best Paper Award<\/strong>: &#8220;On the Benefits of Probabilistic Constellation Shaping in Flex-Grid\/MCF Dynamic Optical Backbone Networks&#8221;, by J. Perell\u00f3, J. M. Gen\u00e9, S. Spadaro, IEEE ONDM 2021, June 28-July 1, Gothemburg, Sweden.<\/p>\n<\/li>\n<li>\n<p align=\"justify\">Co-recipient of the <strong>2019 IEEE ComSoc Charles Kao Award<\/strong>, which recognizes the Best Optical Communications &amp; Networking paper: &#8220;Flex-Grid\/SDM Backbone Network Design with Inter-Core XT-Limited Transmission Reach&#8221;, by J. Perell\u00f3, J. M. Gen\u00e9, A. Pag\u00e8s, J. Lazaro, S. Spadaro, OSA Journal on Optical Communications and Networking (JOCN), Vol. 8, Issue 8, August 2016.<\/p>\n<\/li>\n<li>\n<p align=\"justify\">Co-recipient of the <strong>IEEE ONDM 2012 Best Student Paper Award<\/strong>: &#8220;Lightpath Fragmentation for Efficient Spectrum Utilization in Dynamic Elastic Optical Networks\u201d, 16th International Conference on Optical Network Design and Modeling (ONDM) 2012, Colchester (UK), April 2012.<\/p>\n<\/li>\n<\/ul>\n\n","protected":false},"excerpt":{"rendered":"<p>Co-recipient of the Optical Switching and Networking 2020 Fabio Neri Best Paper Award Runner ups: &#8220;Applying cognitive dynamic learning strategies for margins reduction in operational optical networks&#8221;, by D. Notivol, S. Spadaro, J. Perell\u00f3, G. Junyent, 2021. Co-recipient of the <a class=\"more-link\" href=\"https:\/\/people.ccaba.upc.edu\/spadaro\/?page_id=1191\">Continue reading <span class=\"screen-reader-text\">  Awards<\/span><span class=\"meta-nav\">&rarr;<\/span><\/a><\/p>\n","protected":false},"author":2,"featured_media":0,"parent":0,"menu_order":0,"comment_status":"closed","ping_status":"closed","template":"","meta":[],"_links":{"self":[{"href":"https:\/\/people.ccaba.upc.edu\/spadaro\/index.php?rest_route=\/wp\/v2\/pages\/1191"}],"collection":[{"href":"https:\/\/people.ccaba.upc.edu\/spadaro\/index.php?rest_route=\/wp\/v2\/pages"}],"about":[{"href":"https:\/\/people.ccaba.upc.edu\/spadaro\/index.php?rest_route=\/wp\/v2\/types\/page"}],"author":[{"embeddable":true,"href":"https:\/\/people.ccaba.upc.edu\/spadaro\/index.php?rest_route=\/wp\/v2\/users\/2"}],"replies":[{"embeddable":true,"href":"https:\/\/people.ccaba.upc.edu\/spadaro\/index.php?rest_route=%2Fwp%2Fv2%2Fcomments&post=1191"}],"version-history":[{"count":10,"href":"https:\/\/people.ccaba.upc.edu\/spadaro\/index.php?rest_route=\/wp\/v2\/pages\/1191\/revisions"}],"predecessor-version":[{"id":1544,"href":"https:\/\/people.ccaba.upc.edu\/spadaro\/index.php?rest_route=\/wp\/v2\/pages\/1191\/revisions\/1544"}],"wp:attachment":[{"href":"https:\/\/people.ccaba.upc.edu\/spadaro\/index.php?rest_route=%2Fwp%2Fv2%2Fmedia&parent=1191"}],"curies":[{"name":"wp","href":"https:\/\/api.w.org\/{rel}","templated":true}]}}